alue of (-2 + 13 - 1) + -12 + 4?
2
Calculate -33 - ((-25 - 37) + 21).
8
Calculate 1 + -1 + 5 + (552 - 554).
3
What is the value of 19 - (-4 + 27 + -8 + -8)?
12
Evaluate (13 - 4 - 6) + (4 - 2).
5
Calculate (1 - -13 - (228 + -217)) + 10 + 0.
13
Evaluate -36 + 31 - (-26 + 15 - (-1 - 1)).
4
What is 20 - 2 - 3 - (-12 + 0 + 17)?
10
Evaluate -13 + -9 + 18 - -1.
-3
Calculate 1 + -1 - (6 - (-6 - 0) - 0).
-12
What is 6 + 4 + -6 + 8?
12
2292 - 2295 - (0 - (-6 - -1))
-8
What is the value of -14 - -19 - ((10 - -5) + -9)?
-1
What is (14 - 5) + -12 + (21 - (21 + -9))?
6
What is 0 + 8 - (105 + -19 - 101)?
23
What is 1 + -8 - (-13 + 13 + -1 + 4)?
-10
Calculate 21 - (-8 + (20 - 6)).
15
What is -3 + (-4 - 6) + (0 + -5 - -13)?
-5
What is the value of (8 - 12) + (0 - 16) - (4 + -6)?
-18
64 + (-21 - 45) - (1 + -5)
2
Evaluate (-31 - (-35 - 22)) + -45.
-19
Calculate (-11 - (6 - (10 - 3)) - 0) + 25.
15
What is -6 - (19 - 58 - -39 - (1 + -3))?
-8
What is (0 - 3 - 3 - 2) + 62 + -50?
4
What is 1 + 1 - -2 - (-16 + 1 - -11)?
8
Evaluate (-8 - -30) + -17 + -13 + 21.
13
Evaluate -27 + 32 + -1 + -16 - -7.
-5
-4 - 4 - (-17 + -2) - (-4 - 13)
28
Evaluate -4 - (-2 + 6 + 3 + (2 - 7)).
-6
What is the value of (41 - 1) + (-1145 - -1123)?
18
Calculate -10 - (-20 - -4) - 4.
2
Evaluate 14 - -6 - (-15 - -23).
12
What is -14 + (4 - (-21 + 9)) + -7?
-5
17 - ((-15 - -14) + -6 - -58)
-34
-20 + 6 + -1 - (3 + 5 - 14)
-9
Calculate 3 + 0 + -13 - 2 - (-12 + 6).
-6
190 + -197 + (2 - (1 + -1))
-5
Calculate 6 - (((17 - 10) + -5 - -2) + 14).
-12
What is -1 + (-1 - ((-53 - -57) + (0 - 8)))?
2
19 + (-3 - (-4 - -3)) - (84 + -80)
13
What is the value of -1 + (6 - -1) + (4 - (13 - 14))?
11
Calculate 1 + (-2 + -3 - (-34 - -28)).
2
Evaluate -15 + 11 - 17 - 3.
-24
(4 + -2 + 7 - -6 - 8) + -8
-1
What is the value of (34 + 0 - (11 - 0)) + -4?
19
Calculate 3 + -1 + 2 + (-129 - -121).
-4
What is -27 + (34 - 28) + (2 - -5) + 1?
-13
What is the value of -21 - (10 + -13 - 3) - (-7 + 1)?
-9
What is the value of 10 + (-25 - 3) + 11?
-7
What is 23 + -6 + -6 - (1 + 2 + -10)?
18
7 - 8 - (-5 + (1 - -1))
2
What is 23 - (-22 - -35) - -3?
13
-1021 + 1061 + (-19 - 1)
20
(-13 - (-5 - -2)) + 4 - (-17 + 3)
8
What is -2 - (-32 - -38 - (1 - -9))?
2
What is the value of 135 + -133 + (8 + -17 - (1 + -4))?
-4
9 + -10 + (0 - 5) + 47 + -30
11
What is 39 + (-1 - -24 - 38)?
24
10 - (-1 + 2 - (16 + (-19 - 6)))
0
Calculate 31 + (16 - 32) + -27.
-12
Calculate 22 - (-33 - (-28 + 10)) - 14.
23
Evaluate (-10 - -8) + (2 - (-7 - -7)).
0
What is 2 - (12 + -9 - -11) - -12?
0
23 + -17 - (-3 + 10)
-1
What is (13 - 3 - 9) + (14 - 10)?
5
Calculate -9 + -5 + 48 + -44.
-10
Calculate -7 + (-9 - 15) + 3 + 11.
-17
Evaluate -5 + 29 - (109 + -74).
-11
Evaluate -28 - (-14 + -7) - 16.
-23
(-1 - -1) + (-15 - -19 - 6)
-2
Evaluate 1 - ((14 - 1) + -6).
-6
Evaluate (-61 - -43) + (6 - -4).
-8
What is (-8 + 13 - 10) + 8 + -1?
2
What is the value of -1 + 3 - (297 + -298) - (0 + -34)?
37
Evaluate 2 - (3 + 12) - (-301 - -309).
-21
What is (28 - 11) + (-14 - 3)?
0
What is (22 - 35 - -29) + -32?
-16
11 - 1 - (-5 + (6 - -4))
5
What is -8 + 1 - (-13 + 9 + -9 - 8)?
14
Calculate -3 + -23 + 15 + 12.
1
Evaluate (7 - 2 - (-17 + 22)) + 9.
9
What is the value of -6 + (3 - (5 - 8)) - -5?
5
Evaluate -5 + (5 - (8 - -5)) - -6.
-7
Evaluate (0 - (3 + 2)) + -6 - -5.
-6
(-8 - 4) + 3 + (-5 - -5 - -19)
10
0 + -7 + 19 + -7 - (1 + -6)
10
What is 2 - (13 + -4 + -12)?
5
769 + -775 - (1 + -12 - -1)
4
Calculate 32 + (-8 + -8 - (0 - 0)).
16
4 + 2 + -1 + -6
-1
Evaluate 3 + -15 + 23 + 5.
16
What is the value of 22 - 15 - (17 + 9 + -4)?
-15
Evaluate -6 - (-22 - (21 + -24)).
13
What is the value of -9 + 1 + -9 - (1 + (-7 - -1))?
-12
What is 2 + -5 + -10 + 1 + 5?
-7
What is the value of 2 + (29 - 13) + -3?
15
Evaluate 20 + -3 - -12 - 49.
-20
What is (-26 - -12) + 22 + -3?
5
(-8 - (-12 - -4)) + 3 + -5 + -3
-5
-15 - (1 + -2 + -4 + -99 + 100)
-11
What is the value of 82 - 97 - (-24 - -1) - 10?
-2
8 + (-29 - (-14 + 9))
-16
Calculate 5 + 5 + -2 + -17.
-9
Calculate 15 + -11 + (-17 - -4) + 9.
0
6 + (-1 - (9 - 17)) - (-2 - -1)
14
What is (-216 - -258) + (-5 - (-3 - -3))?
37
Calculate 14 + (11 - 21) + 2 + 1 - -13.
20
(-10 - (8 - 18)) + 4 - -5
9
Evaluate 31 + (-19 - -10) + -11.
11
What is the value of 12 + -19 - (-15 + (2 - -3))?
3
What is (-7 - (-9 + 6)) + -19 - -10?
-13
Calculate (12 - 1 - 13) + 0 + 1 + 6.
5
Evaluate 3 - ((-23 - -28 - -6) + -2 + -1).
-5
What is the value of -16 + 9 - (-1 - (-1 + 10 + -5))?
-2
-5 + 15 - 7 - (-4 + 1 + 3)
3
What is the value of 176 + -217 + (33 - 1)?
-9
What is -55 + 55 - (13 + -4)?
-9
Calculate 34 - (8 - -2 - -9).
15
Calculate (-1 - -11) + (-19 + 36 - 40).
-13
What is the value of 51 + 9 + -20 - -3 - (-1 - -10)?
34
What is 2 + (2 - -2 - (2 - (-20 + 12)))?
-4
What is the value of 22 + -2 - ((10 - -22) + -47)?
35
Calculate -4 - 2 - (-45 - (-118 - -55)).
-24
What is the value of 1 + -4 - (-16 + 37)?
-24
What is the value of 5 + -23 + 5 + 16?
3
Calculate (-2 - 1) + 0 - (1 + -17 + 19).
-6
Evaluate -15 + 17 + -24 + 41.
19
(311 - 285) + (0 - (-4 - -2))
28
What is the value of 7 + (22 + -38 - -27)?
18
-1 + -4 - (13 + (-10 - (0 - -1)))
-7
What is the value of 6 - (1 + -17) - 31?
-9
What is -1 + -1 + -8 - (-9 + (16 - 3))?
-14
1 + -4 + -1 + 13 + -6 + -6
-3
What is -1 + -7 + -6 + 4?
-10
What is 9 + (-5 - 27) + 24?
1
Evaluate 1 + 0 + (-36 - 25) + 41.
-19
Calculate -10 + 15 - (17 + 0 + 1).
-13
What is the value of (4 - (-3 + 4)) + -705 + 716?
14
What is 1 - 3 - -3 - 2 - -11?
10
What is the value of 11 + (6 - (-12 + 16)) + 2 + -6?
9
What is the value of 33 + -33 + (3 - 3) + -3?
-3
What is the value of -13 + 11 - -24 - 11?
11
Evaluate -13 + 40 - 14 - 12.
1
Evaluate (-6 + 11 - (-3 - -8)) + 9.
9
What is 3 + 3 + -9 - 15?
-18
What is 39 - (31 + (30 - 30))?
8
Calculate -4 - (-4 + 10 - 12) - 0 - 2.
0
What is -16 + -2 + (10 - (13 - 1))?
-20
0 - (-2 - -12 - -4)
-14
What is 13 - (29 - (-31 + 22))?
-25
What is the value of (17 + -15 - -20) + -17 - (-1 - 1)?
7
Calculate -1 + -3 + (-12 - -20).
4
Evaluate -12 - -13 - (6 - (0 + (12 - 6))).
1
What is the value of (8 - 0) + -1 + 0 + -8?
-1
What is the value of (-4 - -5 - 8) + 4 - (-16 + 11)?
2
What is the value of -6 - (1 + -18 + 11 + (7 - -2))?
-9
Evaluate 6 + -15 + 7 + (12 - 1).
9
(0 + 3 - (-42 - -41)) + 12
16
Evaluate (-32 + 6 - -7 - -10) + -3.
-12
Calculate (0 - -3) + (-27 + 15 - -17).
8
What is the value of -31 + 1 + (21 - (3 - 11)) + -23?
-24
What is the value of 6 - (0 - 11 - (-205 + 191))?
3
Evaluate 6 - ((-87 - -69) + 1 + 7).
16
Evaluate -11 - (-3 + (12 - 1) + -30).
11
What is the value of (10 - 50) + 19 - -21?
0
7 + 21 + -12 + -21
-5
Evaluate (-6 - -3) + 11 + -11.
-3
Evaluate (6 - 4) + -3 + -7 + 9.
1
0 - (1 - (5 - 2)) - (47 + -51)
6
What is 0 + (3 - (-2 + (4 - -6)) - -27)?
22
Evaluate -52 + 33 - (14 - 14).
-19
What is the value of -15 + (4 - (-11 + -9))?
9
What is (0 - -2 - 1) + 8 + 4 + -12?
1
What is -1223 + 1239 - (13 - 0)?
3
What is -17 - -8 - (6 - (12 + -10))?
-13
What is the value of 313 + -305 + -1 + -8?
-1
3 - 0 - (155 + -149)
-3
Evaluate -16 - (28 - 54) - (-1 - (-1 - 29)).
-19
18 - (12 + -25 - -16)
15
9 + (4 - 13) + -4
-4
Calculate -80 + (71 - -26) + 1 + -14.
4
What is 157 - 181 - (-30 - -1)?
5
Calculate -2 - (12 - 27 - -3).
10
Evaluate 16 - 34 - 1 - -13.
-6
What is (-1 - -2) + -4 + 39 + 0 + -8?
28
What is the value of 21 + (-32 - -17) + 8?
14
Evaluate -24 - (-6 + -23 - -21).
-16
Evaluate -2 - 3 - (-8 - (-16 - (-8 + 5))).
-10
Calculate -9 + 10 + -9 - 16.
-24
Evaluate 23 + (-17 - 5 - -13).
14
Calculate 9 - (17 - (12 - (-5 - -13))).
-4
Calculate 9 - (9 - ((9 - 9 - -20) + -2)).
18
Evaluate (-7 - -8) + -20 + 32.
13
What is the value of 15 + 1 - (11 + -31 + 30)?
6
What is -3 + (-3 - (4 + -3 + 2 - 5))?
-4
Calculate (-20 - -3) + 0 - (12 - (-5 - -14)).
-20
What is the value of -2 + ((0 - 6) + 2 - -11)?
5
Evaluate 20 - 53 - 0 - -19.
-14
What is the value of -2 + -1 + 24 - (-17 - (-38 - -23))?
23
What is the value of (3 - ((2 - 3) + 0)) + (633 - 658)?
-21
What is the value of -16 + (-36 - (5 + -20)) + 7?
-30
Calculate 7 + (-14 - (-14 - -8)) - (0 - -6).
-7
-1 - (-31 + 24 - (0 + -2 - 1))
3
Calculate 5 + (2 - 10) - (6 - 8).
-1
-3 + (-3 + 20 + -7 - 33) + -1
-27
What is the value of -28 - -36 - (-4 - -18 - (-6 - -13))?
1
Calculate -43 - -26 - (-5 + (0 